{"id":179,"date":"2024-04-10T10:03:06","date_gmt":"2024-04-10T14:03:06","guid":{"rendered":"https:\/\/prettyuphair.com\/?page_id=179"},"modified":"2024-04-10T10:03:08","modified_gmt":"2024-04-10T14:03:08","slug":"nos-meches","status":"publish","type":"page","link":"https:\/\/prettyuphair.com\/index.php\/nos-meches\/","title":{"rendered":"Nos m\u00e8ches"},"content":{"rendered":"<p>Pretty Up Hair,&nbsp;vous propose des m\u00e8ches&nbsp;100% virgin hair (cheveu vierge) pour r\u00e9aliser vos diverses techniques&nbsp;d&rsquo;extensions.<\/p><p>Nous fournissons des&nbsp;m\u00e8ches de qualit\u00e9.<\/p><p>Leurs traitements et s\u00e9lections sont artisanaux et les cheveux sont tous r\u00e9colt\u00e9s dans le sens de pousse naturels, de ce fait, ils ne sont pas m\u00e9lang\u00e9s, pour garantir une qualit\u00e9 de cheveux sans n\u0153uds pour un meilleur brossage, une meilleure brillance et douceur.<\/p><p><strong>Provenance<\/strong><\/p><p>En provenance d\u2019Asie, d\u2019Am\u00e9rique du Sud et d\u2019Europe de l\u2019Est, les cheveux sont d\u2019abord choisis avec soin, puis cousus sur nos machines par paquet de 100 grammes.<\/p><p>La solidit\u00e9 des coutures ainsi que la texture naturelle rendent ces m\u00e8ches r\u00e9utilisables et permettent les teintures.<\/p><p>Ces tissages proviennent a 100% de cheveux humains, non mix\u00e9s (chaque m\u00e8che provient d\u2019une seule t\u00eate), sans traitement, ni ajout de produit chimique.<\/p><p><strong>Qualit\u00e9<\/strong><\/p><p>L\u2019effet de prolongement naturel des cheveux est garanti et la souplesse de ce cheveu lisse reste intacte.<\/p><p>Le cheveu est donc lisse a la base mais sa qualit\u00e9 le rend modifiable, en effet nous proposons aussi apr\u00e8s un proc\u00e9d\u00e9 une gamme wavy et curly qui comblera toutes les attentes.<\/p><p>Toute personne qui a envisag\u00e9 de pos\u00e9 des extensions de cheveux pour rendre son look encore meilleur a s\u00fbrement entendu parler des extensions de cheveux 100 % Remy. Le terme Remy est rapidement devenu synonyme de qualit\u00e9&nbsp; naturel sup\u00e9rieur, donc venant de jeunes femmes en bonne sant\u00e9 n\u2019ayant pas v\u00e9cu dans l\u2019exc\u00e8s et vivant&nbsp; dans des conditions climatiques id\u00e9ales \u00e0 la sant\u00e9 du corps et de ce fait des cheveux.<\/p><p>Les Extensions de cheveux 100% Remy sont beaucoup plus lisse et ne s&#8217;emm\u00ealent pas tr\u00e8s facilement. Cela est d\u00fb au processus de regroupement des cheveux.<\/p><p>Le processus de regroupement des cheveux<\/p><p>Le cheveux 100% Remy est soigneusement pr\u00e9par\u00e9 &nbsp;pour que toutes les racines de cheveux soient&nbsp;ensemble au sommet, de plus une attention particuli\u00e8re est accord\u00e9 au fait &nbsp;que toutes les fibres capillaires soient orient\u00e9s dans le m\u00eame&nbsp;sens. Cela l&#8217;emp\u00eache de s&#8217;emm\u00ealer facilement, ce qui est bien entendu recherch\u00e9 par les utilisateurs. De plus celui-ci provient d\u2019une seule donneuse, de mani\u00e8re \u00e0 rendre les coiffures totalement homog\u00e8nes, que ce soit en terme de grain, de son comportement et r\u00e9action, et de sa physiologie.<\/p><p>Lorsque l\u2019on parle de cheveux non-R\u00e9my, il s\u2019agit en fait de cheveux recueillis au niveau o\u00f9 ils ont \u00e9t\u00e9 coup\u00e9s. Ensuite ils sont tass\u00e9s de mani\u00e8re d\u00e9sorganis\u00e9e, o\u00f9 les racines et les cuticules vont dans toutes les directions et les cheveux semblent en d\u00e9sordre. Il est peu attrayant et plus difficile \u00e0 travailler une fois qu&rsquo;il est en en place sur la t\u00eate. Celui-ci r\u00e9agit forc\u00e9ment de mani\u00e8re impr\u00e9visible \u00e0 tout type d\u2019actions que ce soit couleur, fer \u00e0 lisser, etc\u2026<\/p><p>Il ya donc un foss\u00e9 de qualit\u00e9 entre les cheveux 100% Remy et les cheveux non Remy,&nbsp; c\u2019est pourquoi, dans un souci de qualit\u00e9, Pretty Up Hair ne propose que des produits 100% Remy.<\/p><p>Proc\u00e9der \u00e0 une teinture sur les cheveux<\/p><p>Il est important de se rappeler que les extensions de cheveux sont s\u00e9par\u00e9es du cuir chevelu, il est donc n\u00e9cessaire de prendre des pr\u00e9cautions pendant le processus de coloration pour obtenir la couleur que vous avez besoin tout en gardant le cheveu beau et en pleine sant\u00e9.<\/p><p>Il faut toujours faire un essai sur une m\u00e8che en premier, ne vous attendez pas \u00e0 ce que les&nbsp; extensions de cheveux r\u00e9agissent &nbsp;de la m\u00eame mani\u00e8re que les cheveux du cuir chevelu.&nbsp;<\/p><p>Lorsque vous s\u00e9lectionnez la couleur ne pas utiliser plus de 20 volumes de peroxyde. Les extensions de cheveux sont diff\u00e9rents, et utiliser plus de 20 volumes peut causer des dommages sur les couleurs de base plus l\u00e9g\u00e8res. Utiliser \u00e9galement &nbsp;un peroxyde \u00e0 base de cr\u00e8me pour de meilleurs r\u00e9sultats.<\/p><p>\u00c9vitez les produits \u00e9lev\u00e9s&nbsp; en ammoniac. Le but n\u2019est pas de couvrir des cheveux gris, mais d\u00e9poser une teinte. Il est inutile d&rsquo;utiliser de l&rsquo;ammoniaque sur les extensions de cheveux,&nbsp; donc le mieux est encore de l\u2019\u00e9viter.<\/p><p>Attendez-vous \u00e0 d\u00e9poser la couleur seulement. Redoublez de prudence si vous avez l&rsquo;intention d&rsquo;all\u00e9ger la couleur car &nbsp;vous pouvez endommager les cheveux de fa\u00e7on permanente.<\/p><p>Les&nbsp; cheveux que nous proposons chez Pretty Up Hair sont d\u2019une telle qualit\u00e9 qu\u2019ils peuvent \u00eatre color\u00e9s jusqu\u2019au septi\u00e8me niveau sur la carte des niveaux de couleurs et ce sans \u00eatre endommager.<\/p><p><strong>Les niveaux de couleurs<\/strong><\/p><p>1. Noir<\/p><p>2. Ch\u00e2tain fonc\u00e9<\/p><p>3. Ch\u00e2tain<\/p><p>4. Ch\u00e2tain clair<\/p><p>5. Ch\u00e2tain tr\u00e8s clair<\/p><p>6. Blond fonc\u00e9<\/p><p>7. Blond<\/p><p>8. Blond clair<\/p><p>9. Blond tr\u00e8s clair<\/p><p>10. Blond platine clair<\/p><p>Ce ne sont que des conseils et non des instructions pour proc\u00e9der \u00e0 la teinte &nbsp;de vos extensions. Pretty Up Hair veut toujours s\u2019employer \u00e0 maintenir la qualit\u00e9 de ses tissages d\u2019une part, et de vous avertir des d\u00e9g\u00e2ts que peuvent causer une manipulation inad\u00e9quate&nbsp; de ces&nbsp; produits d\u2019autre part. Pour proc\u00e9der \u00e0 des teintures et colorations, nous vous conseillons de &nbsp;VOUS ADRESSER A DES PROFESSIONNELS DE LA COIFFURE.&nbsp;<\/p>","protected":false},"excerpt":{"rendered":"<p>Pretty Up Hair,&nbsp;vous propose des m\u00e8ches&nbsp;100% virgin hair (cheveu vierge) pour r\u00e9aliser vos diverses techniques&nbsp;d&rsquo;extensions. Nous fournissons des&nbsp;m\u00e8ches de qualit\u00e9. Leurs traitements et s\u00e9lections sont artisanaux et les cheveux sont tous r\u00e9colt\u00e9s dans le sens de pousse naturels, de ce fait, ils ne sont pas m\u00e9lang\u00e9s, pour garantir une qualit\u00e9 de cheveux sans n\u0153uds pour [&hellip;]<\/p>\n","protected":false},"author":1,"featured_media":0,"parent":0,"menu_order":0,"comment_status":"closed","ping_status":"closed","template":"","meta":{"footnotes":""},"class_list":["post-179","page","type-page","status-publish","hentry"],"jetpack_sharing_enabled":true,"_links":{"self":[{"href":"https:\/\/prettyuphair.com\/index.php\/wp-json\/wp\/v2\/pages\/179","targetHints":{"allow":["GET"]}}],"collection":[{"href":"https:\/\/prettyuphair.com\/index.php\/wp-json\/wp\/v2\/pages"}],"about":[{"href":"https:\/\/prettyuphair.com\/index.php\/wp-json\/wp\/v2\/types\/page"}],"author":[{"embeddable":true,"href":"https:\/\/prettyuphair.com\/index.php\/wp-json\/wp\/v2\/users\/1"}],"replies":[{"embeddable":true,"href":"https:\/\/prettyuphair.com\/index.php\/wp-json\/wp\/v2\/comments?post=179"}],"version-history":[{"count":1,"href":"https:\/\/prettyuphair.com\/index.php\/wp-json\/wp\/v2\/pages\/179\/revisions"}],"predecessor-version":[{"id":180,"href":"https:\/\/prettyuphair.com\/index.php\/wp-json\/wp\/v2\/pages\/179\/revisions\/180"}],"wp:attachment":[{"href":"https:\/\/prettyuphair.com\/index.php\/wp-json\/wp\/v2\/media?parent=179"}],"curies":[{"name":"wp","href":"https:\/\/api.w.org\/{rel}","templated":true}]}}