{"id":167,"date":"2024-04-09T23:56:28","date_gmt":"2024-04-10T03:56:28","guid":{"rendered":"https:\/\/prettyuphair.com\/?page_id=167"},"modified":"2024-04-09T23:56:30","modified_gmt":"2024-04-10T03:56:30","slug":"mentions-legales","status":"publish","type":"page","link":"https:\/\/prettyuphair.com\/index.php\/mentions-legales\/","title":{"rendered":"Mentions L\u00e9gales"},"content":{"rendered":"<h3 class=\"wp-block-heading\">Article 1 \u2013 Identification de notre entreprise.<\/h3><p>Voici ci-dessous toutes nos coordonn\u00e9es :<\/p><p>Nom du propri\u00e9taire du site : West Indies Barber au Capital de 1500 euros<\/p><p>Nom de la personne \u00e0 contacter\u00a0 : Pretty Up Hair<br>Adresse email :\u00a0helloprettyuphair@gmail.com<br>Num\u00e9ro de t\u00e9l\u00e9phone : 06 96 09 24 24<\/p><h3 class=\"wp-block-heading\"><strong>Article 2 \u2013 H\u00e9bergement de notre site.<\/strong><\/h3><p>Voici les coordonn\u00e9es de l\u2019h\u00e9bergeur de notre site : https:\/\/www.prettyuphair.com\/.<\/p><p>OVH SAS au capital de 10 174 560 \u20ac<\/p><p>RCS Lille M\u00e9tropole 424 761 419 00045<br>Code APE 2620Z<br>N\u00b0 TVA : FR 22 424 761 419<br>Si\u00e8ge social : 2 rue Kellermann &#8211; 59100 Roubaix &#8211; France<\/p><h3 class=\"wp-block-heading\"><strong>Article 3 \u2013 Activit\u00e9 de notre entreprise.<\/strong><\/h3><p>Num\u00e9ro d\u2019inscription au registre du commerce et des soci\u00e9t\u00e9s = Num\u00e9ro individuel d\u2019identification fiscal (SIRET)= 82338105800010<\/p><p>Conditions g\u00e9n\u00e9rales de vente (CGV) =\u00a0helloprettyuphair@gmail.com<\/p><h3 class=\"wp-block-heading\">Article 4 \u2013 Mentions relatives \u00e0 l\u2019utilisation de cookies.<\/h3><p>Un cookie est un petit fichier informatique, le plus souvent appel\u00e9 \u00ab un traceur \u00bb.<\/p><p>Finalit\u00e9 sur l\u2019utilisation des cookies :<\/p><p>Notre cookie nous permet d\u2019analyser le comportement des visiteurs sur notre site internet.<\/p><p>votre num\u00e9ro d\u2019inscription au registre du commerce et des soci\u00e9t\u00e9s.<\/p><p>(Indiquez ici)<\/p><p>Les donn\u00e9es ainsi r\u00e9colt\u00e9es nous permettent de savoir ce qui int\u00e9resse le plus nos visiteurs et de pouvoir leur faire des offres en corr\u00e9lation avec leurs besoins.<\/p><p>Consentement sur l\u2019utilisation des cookies :<br>Nous avons plac\u00e9 sur notre site une petite fen\u00eatre vous informant de notre politique sur l\u2019utilisation des cookies.<\/p><p>De ce fait, vous devez accepter l\u2019utilisation de ces cookies afin de profiter pleinement de toutes les fonctionnalit\u00e9s de notre site.<\/p><p>Moyen de refuser l\u2019utilisation des cookies :<br>Nous avons plac\u00e9 sur notre site une petite fen\u00eatre vous informant de notre politique sur l\u2019utilisation des cookies.<br>Vous pouvez \u00e0 tout moment refuser l\u2019utilisation de ces cookies.<\/p><p>Sachez cependant que vous ne pourrez pas profiter pleinement de toutes les fonctionnalit\u00e9s de notre site internet en cas de refus.<\/p><p>La dur\u00e9e de validit\u00e9 du consentement :<\/p><p>La dur\u00e9e de validit\u00e9 du consentement donn\u00e9 dans ce cadre est de 13 mois maximum.<\/p><h3 class=\"wp-block-heading\"><strong>Article 5 \u2013 Proc\u00e9dure d\u2019activation ou de d\u00e9sactivation des Cookies.<\/strong><\/h3><p>Pour activer ou d\u00e9sactiver les cookies sur le navigateur Firefox.<\/p><p>Pour activer ou d\u00e9sactiver les cookies sur Firefox, Cliquez sur l\u2019onglet \u201coutils\u201d puis sur \u201coptions\u201d, puis sur l\u2019onglet \u201cvie priv\u00e9e\u201d.<\/p><p>Une fois arriv\u00e9 sur cet \u00e9cran, s\u00e9lectionnez \u201cutiliser les param\u00e8tres personnalis\u00e9s\u201d dans la zone de liste puis cochez \u201cAccepter ou d\u00e9sactiver les cookies\u201d et \u201caccepter les cookies tiers\u201d.<\/p><p>Pour activer ou d\u00e9sactiver les cookies sur le navigateur Internet Explorer.<\/p><p>Pour activer ou d\u00e9sactiver les cookies sur Internet Explorer, Cliquez sur l\u2019onglet \u201cOutils\u201d, puis sur \u201cOptions Internet\u201d. Cliquez sur l\u2019onglet \u201cConfidentialit\u00e9\u201d, puis sous \u201cParam\u00e8tres\u201d, d\u00e9placez le curseur vers le bas pour autoriser tous les cookies, puis cliquez sur OK.<\/p><p>Activer ou d\u00e9sactiver les cookies sur le navigateur Google Chrome.<\/p><p>Pour activer ou d\u00e9sactiver les cookies sur Google Chrome, cliquez sur l\u2019ic\u00f4ne repr\u00e9sentant une cl\u00e9 \u00e0 molette \u00e0 droite dans la barre d\u2019outils du navigateur, puis allez dans \u201cParam\u00e8tres\u201d, ensuite cliquez sur \u201cAfficher les param\u00e8tres avanc\u00e9s\u201d.<\/p><p>Dans la section \u201cConfidentialit\u00e9\u201d cliquez sur le bouton \u201cParam\u00e8tres de contenu\u201d. Enfin, dans la section \u201cCookies\u201d vous pouvez activer les cookies.<\/p><p>Pour activer ou d\u00e9sactiver les cookies sur le navigateur Safari.<\/p><p>Pour activer ou d\u00e9sactiver les cookies dans le menu r\u00e9glage, cliquez sur Safari, vous voyez alors les options de r\u00e9glage pour Safari.<\/p><p>Allez dans la section \u00ab confidentialit\u00e9 \u00bb afin de g\u00e9rer tous les r\u00e9glages cookies:<\/p><p>*S\u00e9lectionnez \u00ab toujours \u00bb : les cookies seront autoris\u00e9s *S\u00e9lectionnez \u00ab Jamais \u00bb : les cookies seront bloqu\u00e9s *S\u00e9lectionnez certains sites : les cookies li\u00e9s au nom de domaine du site visit\u00e9s seront accept\u00e9s et les autres non renseign\u00e9s seront automatiquement refus\u00e9s.<\/p><h3 class=\"wp-block-heading\"><strong>Article 6 \u2013 Mentions relatives \u00e0 l\u2019utilisation de donn\u00e9es personnelles<\/strong><\/h3><p>Ces donn\u00e9es personnelles nous seront n\u00e9cessaires au traitement de votre Commande et \u00e0 l\u2019\u00e9tablissement de vos factures, ainsi qu\u2019\u00e0 l\u2019am\u00e9lioration des fonctionnalit\u00e9s du Site.<\/p><p>Si vous refusez le traitement de vos donn\u00e9es, il vous sera demand\u00e9 de vous abstenir d\u2019utiliser le pr\u00e9sent Site internet.<\/p><p>Le traitement de vos donn\u00e9es \u00e0 caract\u00e8re personnelles se fera dans le respect du R\u00e8glement G\u00e9n\u00e9ral de la Protection des Donn\u00e9es 2016\/679 du 27 avril 2016.<\/p><h3 class=\"wp-block-heading\">Article 7 \u2013 Caract\u00e8re obligatoire ou facultatif des r\u00e9ponses et cons\u00e9quences \u00e9ventuelles \u00e0 l\u2019\u00e9gard de l\u2019internaute d\u2019un d\u00e9faut de r\u00e9ponse.<\/h3><p>Afin de vous permettre de profiter d\u2019une navigation optimis\u00e9e sur https:\/\/ www.prettyuphair.com\/ et d\u2019un meilleur param\u00e9trage des diff\u00e9rentes fonctionnalit\u00e9s et des applications de votre navigateur internet, Pretty Up Hair est susceptible d\u2019installer un cookie sur votre ordinateur.<\/p><p>Une fois install\u00e9, votre cookie permettra de stocker des informations relatives \u00e0 vos pr\u00e9f\u00e9rences de navigation sur notre Site.<\/p><p>De plus il gardera pour vous et de fa\u00e7on s\u00e9curis\u00e9e certaines informations afin de vous \u00e9viter de les ressaisir \u00e0 chaque connexion,<\/p><p>Ces informations peuvent concerner :<\/p><p>Vos recherches, vos logins, votre adresse email ,vos mots de passe.<\/p><p>En acceptent les cookies, vous autorisez express\u00e9ment Pretty Up Hair \u00e0 d\u00e9poser sur le disque dur un fichier dit\u00ab cookie \u00bb.<\/p><p>Toutefois, vous disposez de la possibilit\u00e9 de bloquer, de modifier la dur\u00e9e de conservation, ou supprimer ce cookie via l\u2019interface de votre navigateur.<\/p><p>\u2022 \u2022 \u2022 \u2022<\/p><p>Attention : La d\u00e9sactivation syst\u00e9matique des cookies de votre navigateur internet peut vous interdire l\u2019acc\u00e8s \u00e0 certains services ou fonctionnalit\u00e9s de notre Site.<\/p><p>Mais cette interdiction \u00e0 l\u2019acc\u00e8s \u00e0 certains services ou fonctionnalit\u00e9s de notre Site ne peut en aucun cas constituer un dommage pour le membre.<\/p><p>Dans ce cas, ce dernier ne pourra pr\u00e9tendre \u00e0 aucune indemnit\u00e9.<\/p><h3 class=\"wp-block-heading\"><strong>Article 8 \u2013 Destinataires ou cat\u00e9gories de destinataires des donn\u00e9es.<\/strong><\/h3><p>Dans le cadre de notre strat\u00e9gie commerciale, nous pouvons avoir recours \u00e0 des soci\u00e9t\u00e9s tierces pour effectuer certaines op\u00e9rations de communications.<\/p><p>De ce fait, en naviguant sur notre Site, le vous acceptez que des soci\u00e9t\u00e9s tierces puissent avoir acc\u00e8s \u00e0 vos donn\u00e9es dans le but d\u2019optimiser le fonctionnement de notre Site.<\/p><p>Pr\u00e9cision importante : Ces soci\u00e9t\u00e9s tierces charg\u00e9es du traitement des donn\u00e9es, n\u2019auront acc\u00e8s aux donn\u00e9es collect\u00e9es que dans la cadre de la r\u00e9alisation de t\u00e2ches bien pr\u00e9cises.<\/p><p>Cependant Pretty Up Hair reste responsable du traitement de vos donn\u00e9es. Par ailleurs, vous serez peut-\u00eatre amen\u00e9 \u00e0 recevoir des informations ou des offres commerciales de notre part ou de nos partenaires commerciaux.<\/p><p>L\u2019Utilisateur peut \u00e0 tout moment s\u2019opposer \u00e0 la r\u00e9ception de ces offres commerciales, en \u00e9crivant \u00e0 l\u2019adresse de la Soci\u00e9t\u00e9 indiqu\u00e9e ci-dessous.<\/p><p>Pr\u00e9nom et Nom : Pretty Up Hair<\/p><p>Adresse de messagerie :\u00a0helloprettyuphair@gmail.com<\/p><p>Objet : Demande d\u2019arr\u00eat des offres commerciale. Par ailleurs, les informations des Clients pourront \u00eatre transmises \u00e0 des tiers sans leur accord express pr\u00e9alable afin d\u2019atteindre les buts suivants :<\/p><ul class=\"wp-block-list\"><li>Respecter la loi.<\/li>\n\n<li>Prot\u00e9ger toute personne contre des dommages corporels graves, voire la mort.<\/li>\n\n<li>Lutter contre la fraude ou les atteintes port\u00e9es \u00e0 Pretty Up Hair ou \u00e0 ses utilisateurs.<\/li>\n\n<li>Prot\u00e9ger les droits de propri\u00e9t\u00e9 de la Soci\u00e9t\u00e9.<\/li><\/ul><h3 class=\"wp-block-heading\">Article 9 \u2013 Droits d\u2019opposition, d\u2019interrogation, d\u2019acc\u00e8s et de rectification.<\/h3><p>Conform\u00e9ment \u00e0 la loi Informatique et Libert\u00e9s du 6 janvier 1978, le Client dispose, \u00e0 tout moment de :<\/p><p>Du droit d\u2019interrogation, du droit d\u2019acc\u00e8s, du droit de rectification, du droit de modification et du droit d\u2019opposition qui s\u2019appliquent \u00e0 l\u2019ensemble de ses donn\u00e9es personnelles.<\/p><p>Ce droit peut \u00eatre exerc\u00e9 dans les conditions et selon les modalit\u00e9s d\u00e9finies sur le site internet https:\/\/www.prettyuphair.com\/.<\/p><p>Voici les coordonn\u00e9es de la personne en charges des questions de protection des donn\u00e9es personnelles :<\/p><p>Nom et Pr\u00e9nom : Pretty Up Hair<br>Fonction : D\u00e9l\u00e9gu\u00e9 \u00e0 la Protection des Donn\u00e9es. Adresse email :\u00a0\u00a0helloprettyuphair@gmail.com<\/p><h3 class=\"wp-block-heading\"><strong>Article 10 \u2013 Mention du droit d\u2019introduire une r\u00e9clamation (plainte) aupr\u00e8s de la Cnil.<\/strong><\/h3><p>Si toutefois vous estimez que vos droits n\u2019ont \u00e9t\u00e9 r\u00e9p\u00e9t\u00e9s, vous pouvez faire un recours aupr\u00e8s de la CNIL.<\/p><p>La fa\u00e7on la plus simple de contacter la CNIL est de lui adresser une plainte en ligne via le formulaire pr\u00e9sent \u00e0 cette adresse : https:\/\/www.cnil.fr\/fr\/plaintes.<\/p>","protected":false},"excerpt":{"rendered":"<p>Article 1 \u2013 Identification de notre entreprise. Voici ci-dessous toutes nos coordonn\u00e9es : Nom du propri\u00e9taire du site : West Indies Barber au Capital de 1500 euros Nom de la personne \u00e0 contacter\u00a0 : Pretty Up HairAdresse email :\u00a0helloprettyuphair@gmail.comNum\u00e9ro de t\u00e9l\u00e9phone : 06 96 09 24 24 Article 2 \u2013 H\u00e9bergement de notre site. Voici [&hellip;]<\/p>\n","protected":false},"author":1,"featured_media":0,"parent":0,"menu_order":0,"comment_status":"closed","ping_status":"closed","template":"","meta":{"footnotes":""},"class_list":["post-167","page","type-page","status-publish","hentry"],"jetpack_sharing_enabled":true,"_links":{"self":[{"href":"https:\/\/prettyuphair.com\/index.php\/wp-json\/wp\/v2\/pages\/167","targetHints":{"allow":["GET"]}}],"collection":[{"href":"https:\/\/prettyuphair.com\/index.php\/wp-json\/wp\/v2\/pages"}],"about":[{"href":"https:\/\/prettyuphair.com\/index.php\/wp-json\/wp\/v2\/types\/page"}],"author":[{"embeddable":true,"href":"https:\/\/prettyuphair.com\/index.php\/wp-json\/wp\/v2\/users\/1"}],"replies":[{"embeddable":true,"href":"https:\/\/prettyuphair.com\/index.php\/wp-json\/wp\/v2\/comments?post=167"}],"version-history":[{"count":1,"href":"https:\/\/prettyuphair.com\/index.php\/wp-json\/wp\/v2\/pages\/167\/revisions"}],"predecessor-version":[{"id":169,"href":"https:\/\/prettyuphair.com\/index.php\/wp-json\/wp\/v2\/pages\/167\/revisions\/169"}],"wp:attachment":[{"href":"https:\/\/prettyuphair.com\/index.php\/wp-json\/wp\/v2\/media?parent=167"}],"curies":[{"name":"wp","href":"https:\/\/api.w.org\/{rel}","templated":true}]}}